.
41
Calculate the remainder when 6 + (12 - 25) - -332 is divided by 325.
0
Let v = 45 + -34. Suppose -2*s + v - 5 = 0. Suppose z + 180 = s*i, -i - 4*z = -18 - 29. What is the remainder when i is divided by 31?
28
Suppose 5610 = -11*w + 45*w. Suppose 0 = 9*j - 29 - 160. What is the remainder when w is divided by j?
18
Suppose 2*h = 8*v - 12*v - 4, 3*v = -h - 2. Let z(o) = -18*o + 12. Calculate the remainder when 80 is divided by z(v).
8
Let g(m) = 3*m**2 - 12*m + 36. Suppose 8*p - 40 = 8. What is the remainder when g(p) is divided by 39?
33
Let n be -209*((-4)/(-2))/(-2). Let k = -561 + n. Let w = -211 - k. What is the remainder when w is divided by 16?
13
Suppose -2*d - 418*o = -419*o - 65, 4*d + 3*o = 145. Suppose 0 = -3*u - 3*z + 1626, -4*u - 670 + 2838 = z. Calculate the remainder when u is divided by d.
32
Let y = -4 + 8. Suppose 2*k + 8 = -8. Calculate the remainder when 456/20 + 3*k/30 is divided by y.
2
Let j be (-5)/(25/(-10)) + 24. Let n = j - 25. What is the remainder when 181 is divided by ((-14)/(-1))/(n + -2)*-1?
13
Suppose 13879 = -20*d - 1421. Let b = 795 + d. Calculate the remainder when 269 is divided by b.
29
What is the remainder when (-1240)/24*3*46*33/(-30) is divided by 25?
18
Suppose -8*f = 68 + 36. Let t(z) = z**3 + 13*z**2 - 3*z - 10. What is the remainder when 53 is divided by t(f)?
24
Calculate the remainder when 1658 is divided by 81/(-810) + 6*1797/20.
41
Let v = -963 + 2073. Let u = v - 573. Calculate the remainder when u is divided by 45.
42
Let l = 6094 - 5958. Calculate the remainder when l is divided by 22.
4
Let g(t) = 2*t**3 - 8*t**2 + 7*t - 4. Suppose 8*p - 324 = 3*p - 3*v, -3*p = 3*v - 192. Let j = p + -29. Calculate the remainder when g(6) is divided by j.
34
Suppose -1985*g = -2004*g + 1558. Calculate the remainder when 243 is divided by g.
79
Suppose 7*g = 5*g + 486. Suppose 42*k - 43*k = -g. What is the remainder when k is divided by 49?
47
What is the remainder when 6 - (-26040)/77 - (-4)/(-22) is divided by 87?
83
Let p be 2 + 205/(-4) + 13/52. Let o = p + 109. What is the remainder when o is divided by (-9 + 1)*8/(-4)?
12
Let d = 213 + -190. Suppose -1632 = 28*o - 52*o. What is the remainder when o is divided by d?
22
Let i(y) = 2*y**2 - 14. Let x be i(-5). Let c = x - 28. Let h = 60 + -38. Calculate the remainder when h is divided by c.
6
Let f = 67 + -31. Let h(w) = -w**3 + 10*w**2 + 13*w - 5. What is the remainder when 2/9 - (-1072)/f is divided by h(11)?
13
Let c be -16*4/(-800) - (-227)/(-25). What is the remainder when (48/36*-6)/(1/c) is divided by 16?
8
Let a(i) = -4*i + 53. Let h(u) = -11*u + 157. Let j(s) = -8*a(s) + 3*h(s). What is the remainder when j(-10) is divided by 30?
27
Let l = 12973 - 12832. Calculate the remainder when 15649 is divided by l.
139
Let i(y) = -153120*y + 76562*y + 76556*y - 12. Let t = 7 + -18. What is the remainder when 68 is divided by i(t)?
8
Calculate the remainder when (-27)/(-30) + 0 + -1 - 22741/(-10) is divided by 91.
90
Let m(k) = -27*k + 300. Let g be m(11). Suppose 4*f - 58 - 74 = l, 3*f - g*l = 99. What is the remainder when f is divided by 12?
9
Let g(c) = -19*c + 162. Let m be g(9). Suppose 3*i = -2*i + 790. What is the remainder when 37 is divided by (-2)/m - (i/(-18) + -1)?
7
Let s(g) be the third derivative of -3*g**4/8 - 7*g**3/6 + 303*g**2. What is the remainder when 93 is divided by s(-5)?
17
Suppose 0 = 5*j - 15, 0 = 1311*a - 1313*a + 2*j + 62. Calculate the remainder when 895 is divided by a.
11
Let u = 6852 + -6844. What is the remainder when 22 is divided by u?
6
Suppose 181*s - 96*s + 10941 = 92*s. What is the remainder when s is divided by 50?
13
Let a(i) = 5*i**2 - 142*i + 99. Calculate the remainder when a(30) is divided by 34.
33
Let k(i) = 3 + 8 + 3*i**3 + i - 4*i**3. Let s(f) = 114*f + 964. Calculate the remainder when s(-8) is divided by k(0).
8
Let v(w) = 8*w - 48. Let c be v(6). Suppose 5*f - g = 43, 6*f - 2*f - 3*g - 41 = c. What is the remainder when 1/2 + (-58)/(-4) is divided by f?
7
Let g = 9 + 3. Let t(j) = 7*j**2 - 59*j - 55. Calculate the remainder when t(11) is divided by g.
11
What is the remainder when 4641 is divided by (((-1266)/5)/6)/((-2)/10)?
210
Suppose 1 = x - 1, 63 = 3*u - 3*x. Let i(h) = h**3 - 12*h**2 - 23*h - 2. Calculate the remainder when i(14) is divided by u.
22
Let r(p) = 6*p - 4. Let s(x) = 7*x**2 + 1. Let l be s(-1). Calculate the remainder when (-1*26/6)/((-38)/1140) is divided by r(l).
42
Let o(l) = 2*l**2 + 84*l + 433. Let n(w) = -6*w - 1. Calculate the remainder when n(-1) is divided by o(-36).
0
Suppose -9 = -5*u + 41. Suppose -477 = -u*i - 107. What is the remainder when i is divided by 2?
1
Let n = -94 + 99. Suppose n*w + m = -0*m + 42, m = -2*w + 18. Suppose -2*b - 5*b = -441. Calculate the remainder when b is divided by w.
7
Let u(h) = -262*h - 44. Let x be u(10). Suppose a = -4*a + 275. What is the remainder when a is divided by 2/5 + 0 - x/90?
25
Let g be (3 + (3 - 15))/((-1)/7). Let z = -28 + g. Calculate the remainder when 132 is divided by z.
27
Let x(o) be the first derivative of o**4/2 - 22*o**3/3 - 3*o**2 + 6*o + 41. Calculate the remainder when x(13) is divided by 55.
54
Let q(t) = -11*t - 104. Let n(v) = -8*v + 32. Let y be n(8). Calculate the remainder when q(y) is divided by 21.
17
Let k be (-8)/18 + (-248)/(-72). Suppose 0 = w - 5, 2*c - k*w + 0 = 11. Calculate the remainder when 88 is divided by c.
10
Suppose 2946 - 3084 = -6*r. Calculate the remainder when 249 is divided by r.
19
Let c(w) = 35*w**2 + 24*w + 13. Calculate the remainder when c(5) is divided by 66.
18
Let q = -1389 + 2061. Let s = 1400 - q. Calculate the remainder when 1/((-1)/s*-4) is divided by 31.
27
Let b = 38 - 17. Let s = -15 + b. Let n(y) = 2*y**2 - 9*y + 2. What is the remainder when n(6) is divided by s?
2
Let n(a) = 3*a**2 - 10*a - 6. Calculate the remainder when n(9) is divided by 40 + ((-32)/(-16) - 2).
27
Calculate the remainder when 216/(-88) + 18/(-33) + 381 is divided by 40.
18
Let j(l) = -l**3 + l**2 + l - 1. Let n(v) = -2*v**3 + 14*v**2 - 22*v + 28. Let z(c) = -3*j(c) + n(c). Calculate the remainder when z(-12) is divided by 38.
35
Suppose 132 = 4*c + 16*t, 2*c - 96 - 19 = -t. Suppose k = -0*p + 3*p - 62, 4*k + 17 = p. Calculate the remainder when c is divided by p.
19
Suppose 0 = -4*r - 5*b + 1050, 793 = 3*r + 13*b - 12*b. Suppose 3862 = 11*l + r. What is the remainder when l is divided by 82?
81
Suppose 0 = 5*j - s - 589, 5*j - 5*s + 17 = 622. What is the remainder when j is divided by (60/1)/(8 - 91/14)?
37
Suppose -4*y = -5*a + 44 + 113, 5*a = -9*y + 53. Calculate the remainder when (-57)/(-2*3/12) is divided by a.
14
Let f(c) = -6*c - 24. Let j be f(-10). Let m be 28*(45/j)/(2/(-8)). What is the remainder when 43 is divided by ((-6)/(-7))/((-10)/m)?
7
Let y(p) be the first derivative of -9*p**2/2 - 178*p + 120. Calculate the remainder when y(-24) is divided by 12.
2
Suppose 338 = -6*h + 368. Suppose -h*i + 439 = 2*v, 2*i + 3*v - 354 = -2*i. Calculate the remainder when i is divided by 26.
9
Suppose -40*n = 11*n - 7662 - 8607. Calculate the remainder when n is divided by 101.
16
Let b(g) = -3*g**2 + 31*g + 13. What is the remainder when b(9) is divided by 7?
0
What is the remainder when 2439414/590 - (4/18 - 17/(-45)) is divided by 74?
64
Let t(a) = -90*a**3 + 5*a**2 + 4*a - 1. Suppose 0 = 2*q + 4*g + 6, -g - 3*g = -4*q. Calculate the remainder when t(q) is divided by 31.
28
Let f = -827275 + 827492. Suppose 3*p = 4*y + 146, 4*y = -p + 3*y + 37. Calculate the remainder when f is divided by p.
7
Let a(t) = 2*t**3 + 38*t**2 + 30*t - 37. What is the remainder when 280 is divided by a(-18)?
67
Let r(m) = -m**3 - 15*m**2 - 17*m - 23. Suppose 26*a + 49 + 315 = 0. What is the remainder when 69 is divided by r(a)?
12
Suppose -4*f = 58*f - 744. What is the remainder when f/(-66) + (-2770)/(-110) is divided by 15?
10
Suppose -181*z + 12353 = -19*z + 1013. What is the remainder when 768 is divided by z?
68
Let f be -3 - 2*3/(-1). Let m(t) = -2*t + 2. Let u be m(f). What is the remainder when 23 is divided by (2/u)/(17/(-204))?
5
Let f be ((-5)/(-25))/((-303)/(-75) - 4). Suppose -6*n + 378 = -4*c, -36 = -n - f*c + 10. Calculate the remainder when n is divided by 32.
29
Let c(y) = y**3 - 33*y**2 + 139